housands digit of 1096041?
9
What is the hundred thousands digit of 347263?
3
What is the tens digit of 500459?
5
What is the tens digit of 761369?
6
What is the thousands digit of 811601?
1
What is the units digit of 28332?
2
What is the millions digit of 3452242?
3
What is the hundreds digit of 2875783?
7
What is the tens digit of 1381333?
3
What is the thousands digit of 19028784?
8
What is the ten thousands digit of 302165?
0
What is the thousands digit of 1547767?
7
What is the hundreds digit of 2290461?
4
What is the tens digit of 1606882?
8
What is the thousands digit of 771936?
1
What is the units digit of 3101532?
2
What is the hundreds digit of 3852805?
8
What is the millions digit of 5122398?
5
What is the hundreds digit of 168032?
0
What is the hundreds digit of 28026?
0
What is the ten thousands digit of 832934?
3
What is the ten thousands digit of 37936878?
3
What is the units digit of 1274530?
0
What is the tens digit of 3108738?
3
What is the tens digit of 800386?
8
What is the thousands digit of 461512?
1
What is the millions digit of 7425223?
7
What is the hundreds digit of 1949346?
3
What is the ten thousands digit of 7751366?
5
What is the tens digit of 1387814?
1
What is the hundred thousands digit of 451883?
4
What is the hundreds digit of 506876?
8
What is the hundred thousands digit of 1147528?
1
What is the ten thousands digit of 51155?
5
What is the hundreds digit of 806203?
2
What is the units digit of 5019209?
9
What is the ten thousands digit of 1400658?
0
What is the hundred thousands digit of 150411?
1
What is the hundreds digit of 443526?
5
What is the thousands digit of 870382?
0
What is the ten thousands digit of 389022?
8
What is the ten thousands digit of 7685079?
8
What is the millions digit of 3087655?
3
What is the tens digit of 983548?
4
What is the hundreds digit of 1284184?
1
What is the hundreds digit of 1165?
1
What is the tens digit of 304673?
7
What is the hundreds digit of 12609347?
3
What is the ten thousands digit of 863945?
6
What is the hundred thousands digit of 4298938?
2
What is the hundred thousands digit of 591506?
5
What is the tens digit of 19488134?
3
What is the units digit of 21984?
4
What is the hundred thousands digit of 10063363?
0
What is the hundreds digit of 35810?
8
What is the ten thousands digit of 853411?
5
What is the hundred thousands digit of 5124611?
1
What is the tens digit of 83895?
9
What is the tens digit of 6969046?
4
What is the hundred thousands digit of 417414?
4
What is the units digit of 133853?
3
What is the ten thousands digit of 3428913?
2
What is the millions digit of 25372567?
5
What is the ten thousands digit of 2109938?
0
What is the ten thousands digit of 1057554?
5
What is the thousands digit of 1989682?
9
What is the ten thousands digit of 4505367?
0
What is the units digit of 17698947?
7
What is the hundreds digit of 85190?
1
What is the tens digit of 546446?
4
What is the ten thousands digit of 31329?
3
What is the thousands digit of 765693?
5
What is the hundred thousands digit of 14020558?
0
What is the tens digit of 429703?
0
What is the ten thousands digit of 2440289?
4
What is the ten thousands digit of 230621?
3
What is the ten thousands digit of 317907?
1
What is the millions digit of 1393803?
1
What is the hundreds digit of 4774842?
8
What is the thousands digit of 6241909?
1
What is the ten thousands digit of 30930705?
3
What is the thousands digit of 6567380?
7
What is the thousands digit of 2918476?
8
What is the hundreds digit of 242215?
2
What is the thousands digit of 730123?
0
What is the thousands digit of 520365?
0
What is the units digit of 997062?
2
What is the units digit of 222457?
7
What is the tens digit of 215039?
3
What is the hundred thousands digit of 3530844?
5
What is the ten thousands digit of 224173?
2
What is the hundreds digit of 432807?
8
What is the hundred thousands digit of 7695837?
6
What is the hundred thousands digit of 376080?
3
What is the millions digit of 2280688?
2
What is the units digit of 191702?
2
What is the thousands digit of 153542?
3
What is the hundred thousands digit of 525965?
5
What is the ten thousands digit of 989540?
8
What is the ten thousands digit of 205887?
0
What is the hundred thousands digit of 787617?
7
What is the hundreds digit of 1414088?
0
What is the thousands digit of 218600?
8
What is the units digit of 6805031?
1
What is the ten thousands digit of 1539969?
3
What is the hundreds digit of 1515371?
3
What is the ten thousands digit of 12421227?
2
What is the units digit of 25220294?
4
What is the tens digit of 115310?
1
What is the hundreds digit of 6522652?
6
What is the thousands digit of 288640?
8
What is the hundred thousands digit of 674522?
6
What is the tens digit of 12921187?
8
What is the tens digit of 503829?
2
What is the hundreds digit of 1117957?
9
What is the ten thousands digit of 2663786?
6
What is the hundred thousands digit of 3236274?
2
What is the hundred thousands digit of 594609?
5
What is the hundred thousands digit of 472139?
4
What is the millions digit of 1608950?
1
What is the hundreds digit of 1515310?
3
What is the units digit of 210795?
5
What is the millions digit of 19039613?
9
What is the ten thousands digit of 1085247?
8
What is the ten thousands digit of 2528454?
2
What is the millions digit of 1147491?
1
What is the tens digit of 322712?
1
What is the units digit of 1132341?
1
What is the ten thousands digit of 6038678?
3
What is the hundreds digit of 203328?
3
What is the hundreds digit of 15598?
5
What is the units digit of 889519?
9
What is the hundred thousands digit of 130237?
1
What is the hundred thousands digit of 2072477?
0
What is the thousands digit of 888849?
8
What is the hundred thousands digit of 196576?
1
What is the units digit of 5957624?
4
What is the hundreds digit of 106898?
8
What is the thousands digit of 275464?
5
What is the units digit of 414109?
9
What is the hundreds digit of 42374399?
3
What is the hundred thousands digit of 157415?
1
What is the hundreds digit of 3177395?
3
What is the tens digit of 4238622?
2
What is the tens digit of 17648760?
6
What is the ten thousands digit of 3659557?
5
What is the units digit of 7469187?
7
What is the ten millions digit of 15270512?
1
What is the tens digit of 283982?
8
What is the millions digit of 23742042?
3
What is the hundreds digit of 3921562?
5
What is the hundreds digit of 129480?
4
What is the hundreds digit of 127049?
0
What is the hundred thousands digit of 115146?
1
What is the tens digit of 141624?
2
What is the hundred thousands digit of 6402436?
4
What is the hundred thousands digit of 3239410?
2
What is the tens digit of 23806261?
6
What is the units digit of 145888?
8
What is the hundreds digit of 5160476?
4
What is the hundred thousands digit of 340239?
3
What is the ten thousands digit of 444991?
4
What is the hundreds digit of 24553153?
1
What is the tens digit of 1428569?
6
What is the hundred thousands digit of 5096391?
0
What is the units digit of 2490314?
4
What is the ten thousands digit of 1103674?
0
What is the units digit of 42668723?
3
What is the units digit of 99706?
6
What is the thousands digit of 8324?
8
What is the ten thousands digit of 24426935?
2
What is the tens digit of 329406?
0
What is the units digit of 3574152?
2
What is the tens digit of 2815108?
0
What is the ten millions digit of 11735550?
1
What is the hundred thousands digit of 126372?
1
What is the tens digit of 10163829?
2
What is the ten thousands digit of 1636530?
3
What is the hundred thousands digit of 573806?
5
What is the hundred thousands digit of 565013?
5
What is the ten thousands digit of 4279861?
7
What is the hundreds digit of 133067?
0
What is the ten thousands digit of 7696688?
9
What is the hundreds digit of 91323?
3
What is the millions digit of 1329473?
1
What is the hundreds digit of 3328628?
6
What is the ten thousands digit of 3755767?
5
What is the units digit of 3193251?
1
What is the units digit of 1559451?
1
What is the hundreds digit of 11749316?
3
What is the hundreds digit of 4140703?
7
What is the ten thousands digit of 241205?
4
What is the thousands digit of 1272041?
2
What is the ten thousands digit of 181690?
8
What is the units digit